203 is divided by 2095.
13
What is the remainder when 2547 is divided by 1273?
1
What is the remainder when 322299 is divided by 61?
36
What is the remainder when 1206 is divided by 420?
366
Calculate the remainder when 10343 is divided by 2582.
15
Calculate the remainder when 3267 is divided by 20.
7
What is the remainder when 2440571 is divided by 12?
11
What is the remainder when 5001 is divided by 290?
71
Calculate the remainder when 198165 is divided by 198105.
60
Calculate the remainder when 24678 is divided by 37.
36
What is the remainder when 342269 is divided by 256?
253
What is the remainder when 5427 is divided by 1405?
1212
What is the remainder when 363659 is divided by 330?
329
What is the remainder when 192405 is divided by 1355?
1350
Calculate the remainder when 17511 is divided by 83.
81
What is the remainder when 5224 is divided by 17?
5
Calculate the remainder when 206099 is divided by 51524.
3
Calculate the remainder when 8635 is divided by 1492.
1175
What is the remainder when 1513 is divided by 381?
370
What is the remainder when 51667 is divided by 638?
627
What is the remainder when 2754 is divided by 28?
10
What is the remainder when 2749 is divided by 386?
47
Calculate the remainder when 4493 is divided by 15.
8
Calculate the remainder when 3817 is divided by 101.
80
What is the remainder when 47816 is divided by 7?
6
Calculate the remainder when 15415 is divided by 79.
10
What is the remainder when 10079 is divided by 126?
125
Calculate the remainder when 5020 is divided by 1666.
22
Calculate the remainder when 223777 is divided by 334.
331
Calculate the remainder when 3899 is divided by 254.
89
Calculate the remainder when 9877 is divided by 9710.
167
Calculate the remainder when 1999 is divided by 399.
4
What is the remainder when 424519 is divided by 35?
4
Calculate the remainder when 1392 is divided by 228.
24
What is the remainder when 3537 is divided by 6?
3
What is the remainder when 4233 is divided by 92?
1
What is the remainder when 23872 is divided by 795?
22
What is the remainder when 151 is divided by 86?
65
Calculate the remainder when 18205 is divided by 184.
173
What is the remainder when 26752 is divided by 1669?
48
What is the remainder when 303 is divided by 198?
105
What is the remainder when 58532 is divided by 11699?
37
Calculate the remainder when 5115 is divided by 1202.
307
Calculate the remainder when 1045043 is divided by 1131.
1130
Calculate the remainder when 14959 is divided by 86.
81
Calculate the remainder when 5728 is divided by 2853.
22
What is the remainder when 609209 is divided by 967?
966
Calculate the remainder when 81202 is divided by 137.
98
Calculate the remainder when 2170897 is divided by 23.
19
What is the remainder when 22331 is divided by 892?
31
Calculate the remainder when 54479 is divided by 301.
299
Calculate the remainder when 6250 is divided by 330.
310
What is the remainder when 1627 is divided by 381?
103
Calculate the remainder when 166676 is divided by 479.
463
Calculate the remainder when 19408 is divided by 10.
8
Calculate the remainder when 1288 is divided by 454.
380
What is the remainder when 3358499 is divided by 75?
74
What is the remainder when 40684 is divided by 667?
664
What is the remainder when 116326 is divided by 393?
391
What is the remainder when 4086 is divided by 291?
12
Calculate the remainder when 4354 is divided by 203.
91
What is the remainder when 492683 is divided by 23461?
2
Calculate the remainder when 854 is divided by 40.
14
Calculate the remainder when 6756 is divided by 110.
46
What is the remainder when 343047 is divided by 137?
136
Calculate the remainder when 3957 is divided by 24.
21
Calculate the remainder when 14292 is divided by 3099.
1896
What is the remainder when 11910 is divided by 3964?
18
Calculate the remainder when 37595 is divided by 648.
11
Calculate the remainder when 3969 is divided by 566.
7
What is the remainder when 252388 is divided by 470?
468
Calculate the remainder when 2520 is divided by 75.
45
Calculate the remainder when 7068 is divided by 1035.
858
What is the remainder when 27567 is divided by 27563?
4
What is the remainder when 23824 is divided by 133?
17
Calculate the remainder when 8031197 is divided by 40.
37
What is the remainder when 891554 is divided by 1223?
1210
What is the remainder when 123722 is divided by 238?
200
Calculate the remainder when 925120 is divided by 132160.
0
What is the remainder when 63932 is divided by 96?
92
What is the remainder when 57552 is divided by 72?
24
Calculate the remainder when 96105 is divided by 6862.
37
Calculate the remainder when 695662 is divided by 61.
18
What is the remainder when 51546 is divided by 17182?
0
What is the remainder when 2702 is divided by 2627?
75
What is the remainder when 7935 is divided by 124?
123
What is the remainder when 10553 is divided by 15?
8
What is the remainder when 6177269 is divided by 15?
14
Calculate the remainder when 1371545 is divided by 22.
21
Calculate the remainder when 11097 is divided by 247.
229
What is the remainder when 13050 is divided by 2138?
222
Calculate the remainder when 3863 is divided by 836.
519
What is the remainder when 6193 is divided by 6089?
104
Calculate the remainder when 54930 is divided by 4993.
7
What is the remainder when 145197 is divided by 275?
272
Calculate the remainder when 32892 is divided by 28.
20
What is the remainder when 9494 is divided by 20?
14
What is the remainder when 315353 is divided by 39?
38
What is the remainder when 8773 is divided by 325?
323
Calculate the remainder when 697720 is divided by 1740.
1720
Calculate the remainder when 171355 is divided by 420.
415
What is the remainder when 90497 is divided by 311?
307
Calculate the remainder when 6947 is divided by 142.
131
Calculate the remainder when 755697 is divided by 44.
41
What is the remainder when 881 is divided by 252?
125
Calculate the remainder when 14712 is divided by 2443.
54
What is the remainder when 22778 is divided by 144?
26
What is the remainder when 632 is divided by 64?
56
What is the remainder when 29256 is divided by 2?
0
Calculate the remainder when 3074 is divided by 73.
8
What is the remainder when 312743 is divided by 11169?
11
Calculate the remainder when 464895 is divided by 391.
387
What is the remainder when 124263 is divided by 731?
724
Calculate the remainder when 257487 is divided by 112.
111
Calculate the remainder when 18376 is divided by 110.
6
What is the remainder when 1298 is divided by 304?
82
Calculate the remainder when 1800232 is divided by 600067.
31
What is the remainder when 569 is divided by 52?
49
What is the remainder when 7255 is divided by 207?
10
What is the remainder when 42313 is divided by 258?
1
Calculate the remainder when 3512026 is divided by 188.
186
Calculate the remainder when 145568 is divided by 72779.
10
What is the remainder when 243744 is divided by 30?
24
What is the remainder when 4038 is divided by 338?
320
Calculate the remainder when 11917 is divided by 9.
1
What is the remainder when 36632 is divided by 458?
450
What is the remainder when 343347 is divided by 1063?
1061
Calculate the remainder when 18068 is divided by 1004.
1000
Calculate the remainder when 51047 is divided by 8507.
5
What is the remainder when 69016 is divided by 69006?
10
Calculate the remainder when 4414 is divided by 40.
14
Calculate the remainder when 19100 is divided by 490.
480
Calculate the remainder when 25139 is divided by 137.
68
What is the remainder when 8925 is divided by 124?
121
What is the remainder when 71862 is divided by 146?
30
What is the remainder when 3246 is divided by 11?
1
What is the remainder when 6585 is divided by 18?
15
Calculate the remainder when 309428 is divided by 7032.
20
Calculate the remainder when 36251 is divided by 53.
52
What is the remainder when 6410 is divided by 37?
9
What is the remainder when 28343 is divided by 244?
39
Calculate the remainder when 460420 is divided by 230181.
58
Calculate the remainder when 2276 is divided by 989.
298
Calculate the remainder when 2845 is divided by 2840.
5
Calculate the remainder when 53544 is divided by 70.
64
What is the remainder when 31002 is divided by 103?
102
What is the remainder